{"id":219,"date":"2022-04-02T21:08:36","date_gmt":"2022-04-03T02:08:36","guid":{"rendered":"https:\/\/www.virtuaweb.ca\/sites\/cgfa-dev\/?page_id=219"},"modified":"2022-04-03T08:34:44","modified_gmt":"2022-04-03T13:34:44","slug":"droits-et-avantages","status":"publish","type":"page","link":"https:\/\/www.virtuaweb.ca\/sites\/cgfa-dev\/membres\/droits-et-avantages\/","title":{"rendered":"Droits et avantages"},"content":{"rendered":"<div id=\"bande-grise\">        \n    <div class=\"div-inner\">\n\n        <p class=\"Normal tm5\"><strong><span class=\"tm6\">Vos droits sont d\u00e9finis et prot\u00e9g\u00e9s\u00a0:<\/span><\/strong><\/p>\n<ul>\n<li class=\"Normal tm7\"><span class=\"tm6\">par la Loi sur les coop\u00e9ratives;<\/span><\/li>\n<li class=\"Normal tm7\"><span class=\"tm6\">par les r\u00e8glements de r\u00e9gie interne de la Coop\u00e9rative qui ne pr\u00e9valent pas sur les articles de la Loi;<\/span><\/li>\n<li class=\"Normal tm7\"><span class=\"tm6\">par les politiques de la Coop\u00e9rative d\u00e9finies par le conseil d\u2019administration.<\/span><\/li>\n<\/ul>\n<p class=\"Normal tm5\"><span class=\"tm6\">Vous avez un droit de vote lors de l\u2019assembl\u00e9e g\u00e9n\u00e9rale annuelle. Si vous ne pouvez \u00eatre pr\u00e9sent, vous pouvez vous faire repr\u00e9senter selon les dispositions art 69 de la loi sur les coop\u00e9ratives.<\/span><\/p>\n\n    <\/div>        \n<\/div> \n\n<div class=\"bloc-photo-texte bloc-photo-texte-droit\">\n            \n        \n    <div class=\"bloc-photo-texte-image\" data-aos=\"fade-right\">\n        <img decoding=\"async\" alt=\"\" src=\"https:\/\/www.virtuaweb.ca\/sites\/cgfa-dev\/wp-content\/uploads\/pexels-pok-rie-4703288-aspect-ratio-800-520.jpg\" \/>\n    <\/div>\n\n\n    <div class=\"bloc-photo-texte-texte\" data-aos=\"fade-left\">\n        <div class=\"bloc-photo-texte-texte-inner\">\n\n            <p class=\"Normal tm5\"><span class=\"tm6\">Vous avez le droit de parole lors de ces assembl\u00e9es g\u00e9n\u00e9rales. Vous devez demander la parole au pr\u00e9sident de l\u2019assembl\u00e9e et attendre qu\u2019il vous l\u2019accorde.<\/span><\/p>\n<p class=\"Normal tm5\"><span class=\"tm6\">Vous avez le droit de recevoir chaque ann\u00e9e des informations sur la situation financi\u00e8re de la Coop\u00e9rative (contenues dans les \u00e9tats financiers pr\u00e9sent\u00e9s dans le rapport annuel d\u00e9pos\u00e9 par le conseil d\u2019administration \u00e0 l\u2019occasion de l\u2019assembl\u00e9e g\u00e9n\u00e9rale annuelle).<\/span><\/p>\n<p class=\"Normal tm5\"><span class=\"tm6\">Vous avez le droit de participer aux d\u00e9cisions r\u00e9serv\u00e9es aux membres en assembl\u00e9e g\u00e9n\u00e9rale, notamment \u00e0 l\u2019\u00e9lection des membres du conseil d\u2019administration, \u00e0 la d\u00e9termination du volume de ristournes qui sera attribu\u00e9 aux membres \u00e0 partir des surplus d\u2019op\u00e9rations de la derni\u00e8re ann\u00e9e financi\u00e8re et aux d\u00e9cisions de changement ou d\u2019amendement des r\u00e8glements de r\u00e9gie interne.<\/span><\/p>\n<p class=\"Normal tm5\"><span class=\"tm6\">Vous avez le droit d\u2019\u00eatre \u00e9lu membre du conseil d\u2019administration ou d\u2019un comit\u00e9.<\/span><\/p>\n\n        <\/div>\n    <\/div>\n\n\n<\/div>\n\n\n<p class=\"texte-marge\"><strong>Vos avantages sont de triple nature\u00a0:<\/strong><\/p>\n\n\n\n<ul class=\"texte-marge wp-block-list\"><li>vous pouvez recevoir une ristourne annuelle lorsque la Coop\u00e9rative a fait des b\u00e9n\u00e9fices et qu\u2019il en est d\u00e9cid\u00e9 ainsi lors de l\u2019assembl\u00e9e g\u00e9n\u00e9rale annuelle;<\/li><li>vous pouvez b\u00e9n\u00e9ficier d\u2019avantages fiscaux via le programme RIC (r\u00e9gime d\u2019investissement coop\u00e9ratif) lorsque vous investissez dans la Coop\u00e9rative en achetant des parts (d\u00e9duction de 125% au provincial);<\/li><li>vous avez une priorit\u00e9 d\u2019embauche, selon vos comp\u00e9tences.<\/li><\/ul>\n","protected":false},"excerpt":{"rendered":"<p>Vos avantages sont de triple nature\u00a0: vous pouvez recevoir une ristourne annuelle lorsque la Coop\u00e9rative a fait des b\u00e9n\u00e9fices et [&hellip;]<\/p>\n","protected":false},"author":1,"featured_media":94,"parent":177,"menu_order":12,"comment_status":"closed","ping_status":"closed","template":"","meta":{"footnotes":""},"class_list":["post-219","page","type-page","status-publish","has-post-thumbnail","hentry"],"acf":[],"_links":{"self":[{"href":"https:\/\/www.virtuaweb.ca\/sites\/cgfa-dev\/wp-json\/wp\/v2\/pages\/219","targetHints":{"allow":["GET"]}}],"collection":[{"href":"https:\/\/www.virtuaweb.ca\/sites\/cgfa-dev\/wp-json\/wp\/v2\/pages"}],"about":[{"href":"https:\/\/www.virtuaweb.ca\/sites\/cgfa-dev\/wp-json\/wp\/v2\/types\/page"}],"author":[{"embeddable":true,"href":"https:\/\/www.virtuaweb.ca\/sites\/cgfa-dev\/wp-json\/wp\/v2\/users\/1"}],"replies":[{"embeddable":true,"href":"https:\/\/www.virtuaweb.ca\/sites\/cgfa-dev\/wp-json\/wp\/v2\/comments?post=219"}],"version-history":[{"count":6,"href":"https:\/\/www.virtuaweb.ca\/sites\/cgfa-dev\/wp-json\/wp\/v2\/pages\/219\/revisions"}],"predecessor-version":[{"id":227,"href":"https:\/\/www.virtuaweb.ca\/sites\/cgfa-dev\/wp-json\/wp\/v2\/pages\/219\/revisions\/227"}],"up":[{"embeddable":true,"href":"https:\/\/www.virtuaweb.ca\/sites\/cgfa-dev\/wp-json\/wp\/v2\/pages\/177"}],"wp:featuredmedia":[{"embeddable":true,"href":"https:\/\/www.virtuaweb.ca\/sites\/cgfa-dev\/wp-json\/wp\/v2\/media\/94"}],"wp:attachment":[{"href":"https:\/\/www.virtuaweb.ca\/sites\/cgfa-dev\/wp-json\/wp\/v2\/media?parent=219"}],"curies":[{"name":"wp","href":"https:\/\/api.w.org\/{rel}","templated":true}]}}